{"id":360,"date":"2025-03-30T07:13:47","date_gmt":"2025-03-30T07:13:47","guid":{"rendered":"https:\/\/tecnopip.com\/?page_id=360"},"modified":"2025-04-07T03:47:23","modified_gmt":"2025-04-07T03:47:23","slug":"competencia-28","status":"publish","type":"page","link":"https:\/\/tecnopip.com\/index.php\/competencia-28\/","title":{"rendered":"Competencia 28"},"content":{"rendered":"\n<p class=\"has-large-font-size\"><strong>Un llamado a formar ciudadanos digitales cr\u00edticos, creativos y comprometidos<\/strong><\/p>\n\n\n\n<p>Estimadas y estimados docentes,<\/p>\n\n\n\n<p>Vivimos en una era donde la tecnolog\u00eda no solo transforma la forma en que accedemos a la informaci\u00f3n, sino tambi\u00e9n c\u00f3mo aprendemos, nos comunicamos y participamos en la sociedad. En este contexto, la <strong>Competencia transversal 28 del Curr\u00edculo Nacional: <em>\u00abSe desenvuelve en los entornos virtuales generados por las TIC con responsabilidad y \u00e9tica\u00bb<\/em><\/strong>, se presenta como una herramienta clave para preparar a nuestros estudiantes para los desaf\u00edos del siglo XXI.<\/p>\n\n\n\n<p>Esta competencia va mucho m\u00e1s all\u00e1 de ense\u00f1ar a usar un computador o navegar en internet. Nos invita a acompa\u00f1ar a nuestros estudiantes en el desarrollo de habilidades profundas: <strong>interpretar, modificar y optimizar entornos virtuales<\/strong>, para que sean capaces no solo de consumir tecnolog\u00eda, sino de transformarla y adaptarla a sus realidades, intereses y aspiraciones.<\/p>\n\n\n\n<p>Trabajar esta competencia es ayudarles a:<\/p>\n\n\n\n<ul class=\"wp-block-list\">\n<li>Buscar, seleccionar y evaluar informaci\u00f3n de forma cr\u00edtica y aut\u00f3noma.<\/li>\n\n\n\n<li>Crear materiales digitales con sentido y prop\u00f3sito.<\/li>\n\n\n\n<li>Participar activamente en comunidades virtuales con respeto, \u00e9tica y responsabilidad.<\/li>\n\n\n\n<li>Comunicarse de forma efectiva en m\u00faltiples plataformas digitales.<\/li>\n\n\n\n<li>Adaptarse a los cambios tecnol\u00f3gicos con pensamiento estrat\u00e9gico.<\/li>\n<\/ul>\n\n\n\n<p>Como docentes, tenemos el poder de inspirar a nuestros estudiantes a convertirse en ciudadanos digitales conscientes, capaces de usar la tecnolog\u00eda no solo para aprender, sino para transformar su entorno, resolver problemas reales y construir una sociedad m\u00e1s justa, inclusiva y conectada.<\/p>\n\n\n\n<p>Por ello, los animamos a conocer a profundidad esta competencia, integrarla en sus sesiones de aprendizaje y explorar con sus estudiantes nuevas formas de aprender y de crear desde lo digital. Este es un terreno f\u00e9rtil para despertar su creatividad, su esp\u00edritu cr\u00edtico y su compromiso con el bien com\u00fan.<\/p>\n\n\n\n<p><strong>Hoy m\u00e1s que nunca, educar en tecnolog\u00eda es educar para la vida.<\/strong><\/p>\n\n\n\n<p>A continuaci\u00f3n les compartimos una sistematizaci\u00f3n de los prop\u00f3sitos de la competencia y los enfoques que la sustentan.<\/p>\n\n\n\n<p>\ud83d\udc47Dar clic en la im\u00e1genes para ampliar.<\/p>\n\n\n\n<div class=\"wp-block-group is-content-justification-center is-nowrap is-layout-flex wp-container-core-group-is-layout-94bc23d7 wp-block-group-is-layout-flex\">\n<style>\n  \/* Estilo para la imagen peque\u00f1a *\/\n  .zoom-image {\n    max-width: 300px;\n    cursor: pointer;\n    transition: 0.3s;\n    border: 2px solid #ccc;\n    border-radius: 8px;\n  }\n\n  .zoom-image:hover {\n    opacity: 0.8;\n  }\n\n  \/* Estilo para el fondo oscuro y la imagen agrandada *\/\n  .lightbox {\n    display: none;\n    position: fixed;\n    z-index: 2000;\n    padding-top: 30px;\n    left: 0;\n    top: 0;\n    width: 100%;\n    height: 100%;\n    overflow: auto;\n    background-color: rgba(0,0,0,0.8);\n  }\n\n  .lightbox-content {\n    margin: auto;\n    display: block;\n    max-width: 100%;\n    max-height: 100%;\n  }\n\n  .close-lightbox {\n    position: absolute;\n    top: 30px;\n    right: 50px;\n    color: white;\n    font-size: 40px;\n    font-weight: bold;\n    cursor: pointer;\n  }\n<\/style>\n\n<!-- Imagen clickeable -->\n<img decoding=\"async\" src=\"https:\/\/tecnopip.com\/wp-content\/uploads\/2025\/03\/Competencia-28-b.png\" \n     alt=\"Competencia\"\n     class=\"zoom-image\"\n     onclick=\"openLightbox()\" \/>\n\n<!-- Lightbox con imagen grande -->\n<div id=\"lightbox\" class=\"lightbox\" onclick=\"closeLightbox()\">\n  <span class=\"close-lightbox\" onclick=\"closeLightbox()\">\u00d7<\/span>\n  <img decoding=\"async\" class=\"lightbox-content\" id=\"lightbox-img\" \n       src=\"https:\/\/tecnopip.com\/wp-content\/uploads\/2025\/03\/Competencia-28-b.png\" \n       alt=\"Imagen ampliada\">\n<\/div>\n\n<script>\n  function openLightbox() {\n    document.getElementById(\"lightbox\").style.display = \"block\";\n  }\n\n  function closeLightbox() {\n    document.getElementById(\"lightbox\").style.display = \"none\";\n  }\n<\/script>\n\n\n\n<style>\n\/* Estilos para el modal *\/\n.modal-img-container {\n  display: none;\n  position: fixed;\n  z-index: 9999;\n  padding-top: 60px;\n  left: 0;\n  top: 0;\n  width: 100%;\n  height: 100%;\n  overflow: auto;\n  background-color: rgba(0,0,0,0.8);\n}\n\n.modal-img-content {\n  margin: auto;\n  display: block;\n  max-width: 90%;\n  max-height: 80vh;\n  border: 3px solid white;\n  border-radius: 5px;\n}\n\n.modal-img-close {\n  position: absolute;\n  top: 25px;\n  right: 35px;\n  color: #fff;\n  font-size: 40px;\n  font-weight: bold;\n  cursor: pointer;\n}\n<\/style>\n\n<!-- Imagen que se puede ampliar -->\n<img decoding=\"async\" id=\"miniatura\" src=\"https:\/\/tecnopip.com\/wp-content\/uploads\/2025\/04\/enfoquecompetenciadigital.jpg\" alt=\"Imagen\" style=\"max-width: 100%; cursor: pointer; border-radius: 5px;\">\n\n<!-- Modal -->\n<div id=\"modal\" class=\"modal-img-container\">\n  <span class=\"modal-img-close\" id=\"cerrar\">&times;<\/span>\n  <img class=\"modal-img-content\" id=\"imgGrande\">\n<\/div>\n\n<script>\n  const modal = document.getElementById(\"modal\");\n  const img = document.getElementById(\"miniatura\");\n  const imgGrande = document.getElementById(\"imgGrande\");\n  const cerrar = document.getElementById(\"cerrar\");\n\n  img.onclick = function(){\n    modal.style.display = \"block\";\n    imgGrande.src = this.src;\n  }\n\n  cerrar.onclick = function() {\n    modal.style.display = \"none\";\n  }\n\n  \/\/ Cierra al hacer clic fuera de la imagen\n  window.onclick = function(event) {\n    if (event.target == modal) {\n      modal.style.display = \"none\";\n    }\n  }\n<\/script>\n<\/div>\n\n\n\n<p class=\"has-pale-cyan-blue-background-color has-background\">COMPETENCIAS DIGITALES en los estudiantes<\/p>\n\n\n\n<div style=\"background: linear-gradient(135deg, #f0f0f0, #dcdcdc); padding: 16px 24px; border-left: 6px solid #00BFFF; font-family: 'Segoe UI', sans-serif; font-size: 20px; font-weight: 600; color: #333; box-shadow: 0 2px 5px rgba(0,0,0,0.1); margin-bottom: 20px;\">\n  VIDEOS\n<\/div>\n<ul style=\"list-style-type: '\ud83c\udfac '; padding-left: 24px; font-family: 'Segoe UI', sans-serif; font-size: 16px; color: #333; line-height: 1.8;\">\n  <li style=\"margin-bottom: 10px;\">\n    <a href=\"https:\/\/www.youtube.com\/watch?v=byAl0MqsOug\" target=\"_blank\" style=\"text-decoration: none; color: black; font-weight: 500;\" onmouseover=\"this.style.color='#007BFF'\" onmouseout=\"this.style.color='black'\">\n      \u00bfC\u00f3mo aplicar la competencia digital en el aula?\n    <\/a>\n  <\/li>\n<\/ul>\n\n\n\n<p><\/p>\n","protected":false},"excerpt":{"rendered":"<p>Un llamado a formar ciudadanos digitales cr\u00edticos, creativos y comprometidos Estimadas y estimados docentes, Vivimos en &hellip; <a title=\"Competencia 28\" class=\"hm-read-more\" href=\"https:\/\/tecnopip.com\/index.php\/competencia-28\/\"><span class=\"screen-reader-text\">Competencia 28<\/span>Leer m\u00e1s<\/a><\/p>\n","protected":false},"author":1,"featured_media":0,"parent":0,"menu_order":0,"comment_status":"closed","ping_status":"closed","template":"","meta":{"footnotes":""},"class_list":["post-360","page","type-page","status-publish","hentry"],"_links":{"self":[{"href":"https:\/\/tecnopip.com\/index.php\/wp-json\/wp\/v2\/pages\/360","targetHints":{"allow":["GET"]}}],"collection":[{"href":"https:\/\/tecnopip.com\/index.php\/wp-json\/wp\/v2\/pages"}],"about":[{"href":"https:\/\/tecnopip.com\/index.php\/wp-json\/wp\/v2\/types\/page"}],"author":[{"embeddable":true,"href":"https:\/\/tecnopip.com\/index.php\/wp-json\/wp\/v2\/users\/1"}],"replies":[{"embeddable":true,"href":"https:\/\/tecnopip.com\/index.php\/wp-json\/wp\/v2\/comments?post=360"}],"version-history":[{"count":14,"href":"https:\/\/tecnopip.com\/index.php\/wp-json\/wp\/v2\/pages\/360\/revisions"}],"predecessor-version":[{"id":449,"href":"https:\/\/tecnopip.com\/index.php\/wp-json\/wp\/v2\/pages\/360\/revisions\/449"}],"wp:attachment":[{"href":"https:\/\/tecnopip.com\/index.php\/wp-json\/wp\/v2\/media?parent=360"}],"curies":[{"name":"wp","href":"https:\/\/api.w.org\/{rel}","templated":true}]}}