{"id":386,"date":"2025-03-31T06:02:20","date_gmt":"2025-03-31T06:02:20","guid":{"rendered":"https:\/\/tecnopip.com\/?page_id=386"},"modified":"2025-03-31T06:25:53","modified_gmt":"2025-03-31T06:25:53","slug":"tutoria","status":"publish","type":"page","link":"https:\/\/tecnopip.com\/index.php\/tutoria\/","title":{"rendered":"TUTORIA"},"content":{"rendered":"\n<div class=\"wp-block-media-text is-stacked-on-mobile\"><figure class=\"wp-block-media-text__media\"><img decoding=\"async\" src=\"https:\/\/tecnopip.com\/wp-content\/uploads\/2025\/03\/tutoria-perueduca.png\" alt=\"Tutor\u00eda Per\u00faEduca\"\/><\/figure><div class=\"wp-block-media-text__content\">\n<p><strong>Accede a la Tutor\u00eda en Per\u00faEduca<\/strong><\/p>\n\n\n\n<p>Puedes ingresar a la plataforma de tutor\u00eda de Per\u00faEduca haciendo clic en el siguiente enlace:\ud83d\udd17<a href=\"https:\/\/www.perueduca.pe\/#\/home\/tutoria\" target=\"_blank\" rel=\"noreferrer noopener\"> Ir a Per\u00faEduca<\/a><\/p>\n<\/div><\/div>\n\n\n\n<hr class=\"wp-block-separator has-alpha-channel-opacity\"\/>\n\n\n\n<p><strong>DOCUMENTOS PARA TUTORES DE LA I.E.138 \u00abPr\u00f3ceres de la Independencia\u00bb<\/strong> (acceso solo a usuarios de portafolio docente 138)<\/p>\n\n\n\n<div class=\"wp-block-group is-vertical is-layout-flex wp-container-core-group-is-layout-8cf370e7 wp-block-group-is-layout-flex\">\n<p>\ud83d\udd17<a href=\"https:\/\/tecnopip.com\/ie138\/mod\/url\/view.php?id=20\" target=\"_blank\" rel=\"noreferrer noopener\">Relaci\u00f3n de TUTORES 138 2025<\/a><\/p>\n<\/div>\n\n\n\n<p>\ud83d\udd17<a href=\"https:\/\/tecnopip.com\/ie138\/mod\/url\/view.php?id=21\" target=\"_blank\" rel=\"noreferrer noopener\">Carta de compromiso de los padres de familia<\/a><\/p>\n\n\n\n<p>\ud83d\udd17<a href=\"https:\/\/tecnopip.com\/ie138\/mod\/url\/view.php?id=22\" target=\"_blank\" rel=\"noreferrer noopener\">Acta de reuni\u00f3n con PP.FF<\/a><\/p>\n\n\n\n<p><\/p>\n","protected":false},"excerpt":{"rendered":"<p>Accede a la Tutor\u00eda en Per\u00faEduca Puedes ingresar a la plataforma de tutor\u00eda de Per\u00faEduca haciendo &hellip; <a title=\"TUTORIA\" class=\"hm-read-more\" href=\"https:\/\/tecnopip.com\/index.php\/tutoria\/\"><span class=\"screen-reader-text\">TUTORIA<\/span>Leer m\u00e1s<\/a><\/p>\n","protected":false},"author":1,"featured_media":387,"parent":0,"menu_order":0,"comment_status":"closed","ping_status":"closed","template":"","meta":{"footnotes":""},"class_list":["post-386","page","type-page","status-publish","has-post-thumbnail","hentry"],"_links":{"self":[{"href":"https:\/\/tecnopip.com\/index.php\/wp-json\/wp\/v2\/pages\/386","targetHints":{"allow":["GET"]}}],"collection":[{"href":"https:\/\/tecnopip.com\/index.php\/wp-json\/wp\/v2\/pages"}],"about":[{"href":"https:\/\/tecnopip.com\/index.php\/wp-json\/wp\/v2\/types\/page"}],"author":[{"embeddable":true,"href":"https:\/\/tecnopip.com\/index.php\/wp-json\/wp\/v2\/users\/1"}],"replies":[{"embeddable":true,"href":"https:\/\/tecnopip.com\/index.php\/wp-json\/wp\/v2\/comments?post=386"}],"version-history":[{"count":4,"href":"https:\/\/tecnopip.com\/index.php\/wp-json\/wp\/v2\/pages\/386\/revisions"}],"predecessor-version":[{"id":396,"href":"https:\/\/tecnopip.com\/index.php\/wp-json\/wp\/v2\/pages\/386\/revisions\/396"}],"wp:featuredmedia":[{"embeddable":true,"href":"https:\/\/tecnopip.com\/index.php\/wp-json\/wp\/v2\/media\/387"}],"wp:attachment":[{"href":"https:\/\/tecnopip.com\/index.php\/wp-json\/wp\/v2\/media?parent=386"}],"curies":[{"name":"wp","href":"https:\/\/api.w.org\/{rel}","templated":true}]}}