{"id":464,"date":"2025-04-08T01:31:10","date_gmt":"2025-04-08T01:31:10","guid":{"rendered":"https:\/\/tecnopip.com\/?page_id=464"},"modified":"2025-04-09T06:32:03","modified_gmt":"2025-04-09T06:32:03","slug":"competencias-digitales-docentes","status":"publish","type":"page","link":"https:\/\/tecnopip.com\/index.php\/competencias-digitales-docentes\/","title":{"rendered":"COMPETENCIAS digitales docentes"},"content":{"rendered":"\n<div class=\"wp-block-media-text is-stacked-on-mobile\" style=\"grid-template-columns:46% auto\"><figure class=\"wp-block-media-text__media\"><img loading=\"lazy\" decoding=\"async\" width=\"1024\" height=\"579\" src=\"https:\/\/tecnopip.com\/wp-content\/uploads\/2025\/03\/habilidades-digitales-1024x579.jpg\" alt=\"\" class=\"wp-image-312 size-full\" srcset=\"https:\/\/tecnopip.com\/wp-content\/uploads\/2025\/03\/habilidades-digitales-1024x579.jpg 1024w, https:\/\/tecnopip.com\/wp-content\/uploads\/2025\/03\/habilidades-digitales-300x170.jpg 300w, https:\/\/tecnopip.com\/wp-content\/uploads\/2025\/03\/habilidades-digitales-768x434.jpg 768w, https:\/\/tecnopip.com\/wp-content\/uploads\/2025\/03\/habilidades-digitales.jpg 1472w\" sizes=\"auto, (max-width: 1024px) 100vw, 1024px\" \/><\/figure><div class=\"wp-block-media-text__content\">\n<p>Las competencias digitales docentes engloban el conjunto de conocimientos, habilidades y actitudes que los profesores deben desarrollar para integrar eficazmente las tecnolog\u00edas digitales en su pr\u00e1ctica educativa. Seg\u00fan la <strong>UNESCO<\/strong>, estas competencias son esenciales para acceder, comprender, intercambiar y crear informaci\u00f3n utilizando tecnolog\u00edas con fines pedag\u00f3gicos.<\/p>\n<\/div><\/div>\n\n\n\n<p>Es fundamental no confundir la mera capacidad de utilizar herramientas digitales con la verdadera competencia digital docente. M\u00e1s all\u00e1 del manejo t\u00e9cnico, <em>se requiere una integraci\u00f3n pedag\u00f3gica que transforme las metodolog\u00edas tradicionales, permitiendo al docente asumir roles como mediador y facilitador en la construcci\u00f3n del conocimiento de los estudiantes<\/em>.<\/p>\n\n\n\n<p>Para orientar y estandarizar estas competencias, se han desarrollado diversos marcos de referencia. Estos marcos ofrecen una estructura clara sobre las habilidades digitales necesarias, gu\u00edan el desarrollo profesional de los docentes y sirven como base para evaluar y mejorar sus competencias digitales.<\/p>\n\n\n\n<div style=\"font-family: Arial, sans-serif; border: 1px solid #ccc; padding: 16px; border-radius: 8px; background-color: #f9f9f9;\">\n  <h2>\ud83d\udcd8 \u00a1Invitaci\u00f3n a la lectura!<\/h2>\n  <p>\u00bfTe interesa fortalecer tus competencias digitales como docente? Te invitamos a leer el art\u00edculo <strong>\u201cCompetencias digitales docentes: gu\u00eda b\u00e1sica\u201d<\/strong> publicado por el Observatorio ProFuturo.<\/p>\n  <p>Descubre qu\u00e9 habilidades digitales son esenciales para transformar tu pr\u00e1ctica pedag\u00f3gica con tecnolog\u00eda y c\u00f3mo puedes desarrollarlas de manera efectiva.<\/p>\n  <a href=\"https:\/\/profuturo.education\/observatorio\/enfoques\/competencias-digitales-docentes-guia-basica\/\" target=\"_blank\" style=\"display: inline-block; padding: 10px 15px; background-color: #007bff; color: #fff; text-decoration: none; border-radius: 4px;\">\ud83d\udcd6 Leer art\u00edculo completo<\/a>\n<\/div>\n\n\n\n<hr class=\"wp-block-separator has-alpha-channel-opacity\"\/>\n\n\n\n<div class=\"wp-block-columns is-layout-flex wp-container-core-columns-is-layout-9d6595d7 wp-block-columns-is-layout-flex\">\n<div class=\"wp-block-column is-layout-flow wp-block-column-is-layout-flow\"><div class=\"wp-block-image is-style-rounded\">\n<figure class=\"aligncenter size-large\"><a href=\"https:\/\/formacionenservicio.minedu.gob.pe\/cursos_2025\/Propedeutico\/Simulador\/Propedeutico_Competencia_digital\/\" target=\"_blank\" rel=\" noreferrer noopener\"><img loading=\"lazy\" decoding=\"async\" width=\"1024\" height=\"578\" src=\"https:\/\/tecnopip.com\/wp-content\/uploads\/2025\/04\/sifods-simulacion-1024x578.png\" alt=\"\" class=\"wp-image-514\" srcset=\"https:\/\/tecnopip.com\/wp-content\/uploads\/2025\/04\/sifods-simulacion-1024x578.png 1024w, https:\/\/tecnopip.com\/wp-content\/uploads\/2025\/04\/sifods-simulacion-300x169.png 300w, https:\/\/tecnopip.com\/wp-content\/uploads\/2025\/04\/sifods-simulacion-768x433.png 768w, https:\/\/tecnopip.com\/wp-content\/uploads\/2025\/04\/sifods-simulacion.png 1382w\" sizes=\"auto, (max-width: 1024px) 100vw, 1024px\" \/><\/a><\/figure>\n<\/div>\n\n\n<p class=\"has-text-align-center\"><a href=\"https:\/\/sifods.minedu.gob.pe\/docente\/preview\" target=\"_blank\" rel=\"noreferrer noopener\">SIFODS:<\/a> Introducci\u00f3n a la competencia digital<\/p>\n<\/div>\n\n\n\n<div class=\"wp-block-column is-layout-flow wp-block-column-is-layout-flow\"><div class=\"wp-block-image is-style-rounded\">\n<figure class=\"aligncenter size-large\"><a href=\"https:\/\/www.youtube.com\/watch?v=mQJH7nxEv14&amp;ab_channel=INIBEPSAC\" target=\"_blank\" rel=\" noreferrer noopener\"><img loading=\"lazy\" decoding=\"async\" width=\"1024\" height=\"569\" src=\"https:\/\/tecnopip.com\/wp-content\/uploads\/2025\/04\/comp-dig-docente-lea-S-1024x569.png\" alt=\"\" class=\"wp-image-517\" srcset=\"https:\/\/tecnopip.com\/wp-content\/uploads\/2025\/04\/comp-dig-docente-lea-S-1024x569.png 1024w, https:\/\/tecnopip.com\/wp-content\/uploads\/2025\/04\/comp-dig-docente-lea-S-300x167.png 300w, https:\/\/tecnopip.com\/wp-content\/uploads\/2025\/04\/comp-dig-docente-lea-S-768x427.png 768w, https:\/\/tecnopip.com\/wp-content\/uploads\/2025\/04\/comp-dig-docente-lea-S.png 1081w\" sizes=\"auto, (max-width: 1024px) 100vw, 1024px\" \/><\/a><\/figure>\n<\/div>\n\n\n<p class=\"has-text-align-center\">Importancia de la competencia digital docente<\/p>\n<\/div>\n\n\n\n<div class=\"wp-block-column is-layout-flow wp-block-column-is-layout-flow\"><\/div>\n<\/div>\n","protected":false},"excerpt":{"rendered":"<p>Las competencias digitales docentes engloban el conjunto de conocimientos, habilidades y actitudes que los profesores deben &hellip; <a title=\"COMPETENCIAS digitales docentes\" class=\"hm-read-more\" href=\"https:\/\/tecnopip.com\/index.php\/competencias-digitales-docentes\/\"><span class=\"screen-reader-text\">COMPETENCIAS digitales docentes<\/span>Leer m\u00e1s<\/a><\/p>\n","protected":false},"author":1,"featured_media":0,"parent":0,"menu_order":0,"comment_status":"closed","ping_status":"closed","template":"","meta":{"footnotes":""},"class_list":["post-464","page","type-page","status-publish","hentry"],"_links":{"self":[{"href":"https:\/\/tecnopip.com\/index.php\/wp-json\/wp\/v2\/pages\/464","targetHints":{"allow":["GET"]}}],"collection":[{"href":"https:\/\/tecnopip.com\/index.php\/wp-json\/wp\/v2\/pages"}],"about":[{"href":"https:\/\/tecnopip.com\/index.php\/wp-json\/wp\/v2\/types\/page"}],"author":[{"embeddable":true,"href":"https:\/\/tecnopip.com\/index.php\/wp-json\/wp\/v2\/users\/1"}],"replies":[{"embeddable":true,"href":"https:\/\/tecnopip.com\/index.php\/wp-json\/wp\/v2\/comments?post=464"}],"version-history":[{"count":8,"href":"https:\/\/tecnopip.com\/index.php\/wp-json\/wp\/v2\/pages\/464\/revisions"}],"predecessor-version":[{"id":518,"href":"https:\/\/tecnopip.com\/index.php\/wp-json\/wp\/v2\/pages\/464\/revisions\/518"}],"wp:attachment":[{"href":"https:\/\/tecnopip.com\/index.php\/wp-json\/wp\/v2\/media?parent=464"}],"curies":[{"name":"wp","href":"https:\/\/api.w.org\/{rel}","templated":true}]}}