{"id":589,"date":"2025-05-23T14:41:56","date_gmt":"2025-05-23T14:41:56","guid":{"rendered":"https:\/\/tecnopip.com\/?page_id=589"},"modified":"2025-05-23T14:53:55","modified_gmt":"2025-05-23T14:53:55","slug":"bienvenidos","status":"publish","type":"page","link":"https:\/\/tecnopip.com\/","title":{"rendered":"\u00a1Bienvenidos !"},"content":{"rendered":"\n<div class=\"wp-block-columns is-layout-flex wp-container-core-columns-is-layout-9d6595d7 wp-block-columns-is-layout-flex\">\n<div class=\"wp-block-column is-layout-flow wp-block-column-is-layout-flow\" style=\"flex-basis:33.33%\">\n<figure class=\"wp-block-image size-large\"><img loading=\"lazy\" decoding=\"async\" width=\"1002\" height=\"1024\" src=\"https:\/\/tecnopip.com\/wp-content\/uploads\/2025\/05\/logo-pip-3840-x-2160-px-1002x1024.png\" alt=\"\" class=\"wp-image-574\" srcset=\"https:\/\/tecnopip.com\/wp-content\/uploads\/2025\/05\/logo-pip-3840-x-2160-px-1002x1024.png 1002w, https:\/\/tecnopip.com\/wp-content\/uploads\/2025\/05\/logo-pip-3840-x-2160-px-294x300.png 294w, https:\/\/tecnopip.com\/wp-content\/uploads\/2025\/05\/logo-pip-3840-x-2160-px-768x785.png 768w, https:\/\/tecnopip.com\/wp-content\/uploads\/2025\/05\/logo-pip-3840-x-2160-px-1503x1536.png 1503w, https:\/\/tecnopip.com\/wp-content\/uploads\/2025\/05\/logo-pip-3840-x-2160-px-1300x1328.png 1300w, https:\/\/tecnopip.com\/wp-content\/uploads\/2025\/05\/logo-pip-3840-x-2160-px.png 1926w\" sizes=\"auto, (max-width: 1002px) 100vw, 1002px\" \/><\/figure>\n<\/div>\n\n\n\n<div class=\"wp-block-column is-layout-flow wp-block-column-is-layout-flow\" style=\"flex-basis:66.66%\">\n<p>En <strong>TECNOPIP <\/strong>te brindamos un espacio dise\u00f1ado para fomentar una ense\u00f1anza m\u00e1s innovadora y significativa con recursos de tecnolog\u00eda educativa. All\u00ed convergen materiales digitales y tutoriales pr\u00e1cticos destinados a potenciar los aprendizajes del alumnado y enriquecer la labor docente con creatividad, funcionalidad y prop\u00f3sito. Un entorno pensado para profesionales de todos los niveles educativos -inicial, primaria y secundaria- que desean incorporar la tecnolog\u00eda de forma efectiva, adaptado a su realidad y con impacto en el aula. <em>Hoy, m\u00e1s que nunca, educar con tecnolog\u00eda es una mayor necesidad.<\/em><\/p>\n<\/div>\n<\/div>\n","protected":false},"excerpt":{"rendered":"<p>En TECNOPIP te brindamos un espacio dise\u00f1ado para fomentar una ense\u00f1anza m\u00e1s innovadora y significativa con &hellip; <a title=\"\u00a1Bienvenidos !\" class=\"hm-read-more\" href=\"https:\/\/tecnopip.com\/\"><span class=\"screen-reader-text\">\u00a1Bienvenidos !<\/span>Leer m\u00e1s<\/a><\/p>\n","protected":false},"author":1,"featured_media":0,"parent":0,"menu_order":0,"comment_status":"closed","ping_status":"closed","template":"","meta":{"footnotes":""},"class_list":["post-589","page","type-page","status-publish","hentry"],"_links":{"self":[{"href":"https:\/\/tecnopip.com\/index.php\/wp-json\/wp\/v2\/pages\/589","targetHints":{"allow":["GET"]}}],"collection":[{"href":"https:\/\/tecnopip.com\/index.php\/wp-json\/wp\/v2\/pages"}],"about":[{"href":"https:\/\/tecnopip.com\/index.php\/wp-json\/wp\/v2\/types\/page"}],"author":[{"embeddable":true,"href":"https:\/\/tecnopip.com\/index.php\/wp-json\/wp\/v2\/users\/1"}],"replies":[{"embeddable":true,"href":"https:\/\/tecnopip.com\/index.php\/wp-json\/wp\/v2\/comments?post=589"}],"version-history":[{"count":2,"href":"https:\/\/tecnopip.com\/index.php\/wp-json\/wp\/v2\/pages\/589\/revisions"}],"predecessor-version":[{"id":593,"href":"https:\/\/tecnopip.com\/index.php\/wp-json\/wp\/v2\/pages\/589\/revisions\/593"}],"wp:attachment":[{"href":"https:\/\/tecnopip.com\/index.php\/wp-json\/wp\/v2\/media?parent=589"}],"curies":[{"name":"wp","href":"https:\/\/api.w.org\/{rel}","templated":true}]}}